the prime factors of r?
2
Suppose -y + 13 = -4*s, 4*s - 6 = 3*y - 29. List the prime factors of y/((-15)/9) + 22.
19
Let i = -520 + 784. List the prime factors of i.
2, 3, 11
Let s(q) = q**2 + 6*q - 1. Let h(y) = 3 + 2 + 4 + y**2 - 6 + 13*y. Let f be h(-12). List the prime factors of s(f).
2, 13
Suppose -4*u + 3*u - 3*y = -12, 0 = -3*u + 3*y - 12. Let d(s) = 5*s + 16. List the prime factors of d(u).
2
Suppose -4*r - 80 = r + c, 2*r + 32 = -4*c. What are the prime factors of -1*(3 + r/4) + 24?
5
Suppose 4004 - 16371 = 4*k + 5*l, l + 3 = 0. What are the prime factors of (-75)/(-175) + k/(-14)?
13, 17
List the prime factors of (-1 - 0)*(-30641)/((-169)/(-13)).
2357
Suppose -4*f - 2*i + 138 = -38, 0 = 3*f - 2*i - 139. Let m be 2/10 - (-126)/f. Suppose 5*w - x = 161, -3*w - m*x + 79 = -14. List the prime factors of w.
2
Let u be 11 - 9 - (-1 - 0). Suppose 16 + 14 = -u*j. List the prime factors of ((-84)/j)/(3/10).
2, 7
Suppose 4*r = -r + 20. Suppose 9*x - 351 = -r*x. List the prime factors of x.
3
Let o(a) be the first derivative of a**3/3 + a**2 + 8*a - 15. What are the prime factors of o(-5)?
23
Let m = 41 + -29. Let r = m - 9. Suppose -4*w = -5*h - 54, -r*h = -6*w + w + 61. What are the prime factors of w?
11
Suppose -2*f + 5*c + 18 = 3*c, 5*f - 2*c - 45 = 0. Let r(a) = -2*a**3 - 4*a**3 - 2 + 7*a**3 - f*a + 5*a**2. List the prime factors of r(-6).
2
Let s(l) = -l**2 + 19*l + 14. Let i be s(18). What are the prime factors of (-8)/i + 399/12?
3, 11
Let p = 448 - -1840. What are the prime factors of p?
2, 11, 13
Let d = -3937 + 6766. List the prime factors of d.
3, 23, 41
Let g be ((-1088)/(-40))/((-6)/(-15)). Suppose -5*u = 5*v - 190, 3*v + 4*u - 182 = -g. List the prime factors of v.
2, 19
Let l = -13 - -18. Suppose l*c = -2*h + 167, 2*c = -h + c + 79. Suppose 5*u = h + 84. What are the prime factors of u?
2
Let a = -449 - -848. List the prime factors of a.
3, 7, 19
Suppose -3*f - 42 + 6 = 0. Let i = f - 4. What are the prime factors of (140/i)/((-2)/8)?
5, 7
Let r(k) = 3*k**2 - 30*k + 22. What are the prime factors of r(25)?
31, 37
List the prime factors of (-7 + 3 + 3)*-243.
3
Let c(d) = d**3 + d**2 + d + 66. Let h be c(0). Suppose 0 = -2*b + j + 70, 2*b + j - h = -0*j. What are the prime factors of b?
2, 17
Let l be 6/4 + 7/(-14). Let h(i) = -5*i + l - 1 + 6 - 4. What are the prime factors of h(-10)?
2, 13
Suppose m + 5770 = -9*m. List the prime factors of 6/(-24) + m/(-8)*2.
2, 3
Suppose 0 = 9*v + 2228 - 824. What are the prime factors of ((-10)/(-2))/(v/80 + 2)?
2, 5
Let d = -1258 + 2737. What are the prime factors of d?
3, 17, 29
List the prime factors of 2157/(-9)*(2 + -5).
719
Let v(a) = a**3 + 5*a**2 + 4*a + 5. Let j be v(-4). Let c be ((-15)/2)/((-3)/6). Suppose -210 = -5*r - 5*x, 0 = -r + j*x + c + 21. List the prime factors of r.
41
Suppose 3 = a + 3*d, d + 1 = a + 2. Suppose a*l = 5*l - 80. Let q = 40 + l. List the prime factors of q.
2, 7
Suppose 0 = 2*g - 30 - 150. Suppose 0 = v + v - g. What are the prime factors of v?
3, 5
Let g(v) = -3*v + 39. Let z be g(-28). Let o(x) = -x**2 - 2. Let c be o(8). Let l = z + c. What are the prime factors of l?
3, 19
Suppose 30*f = 18010 + 13310. What are the prime factors of f?
2, 3, 29
Suppose q - 5*r = -3*q + 25, 0 = 2*q + r + 5. Suppose -p = -q*p. List the prime factors of (15 - p)*3/9.
5
Let d(l) = l + 19. Let t be d(-14). What are the prime factors of 1 + t/(-4) - (-2355)/60?
3, 13
Suppose -31*a = -30*a - 132. List the prime factors of a.
2, 3, 11
Let y(i) = 3*i + 2. Let r be (-24)/(-20)*(-10)/(-3). Let k be y(r). Suppose -2*h - v - v + k = 0, 4*h = 5*v + 37. What are the prime factors of h?
2
Let h be (-5)/(-3)*(2 + 1). Suppose h*w = -y + 199, 2*w - y = -0*y + 81. What are the prime factors of w?
2, 5
Let b(j) = -j**2 - 20*j - 21. Let p be b(-19). What are the prime factors of 13/(-39)*1284/p?
2, 107
Suppose -15*u = -20*u - 5, 2*q - 1748 = -2*u. What are the prime factors of q?
5, 7
Let a(b) = -b**3 + 13*b**2 - 4*b + 4. Suppose 0 = -8*h + 10*h - 24. List the prime factors of a(h).
2, 5
Suppose 34*p = 32*p - 72. Let z = -15 - p. What are the prime factors of z?
3, 7
Let o(y) = -y**2 - 20*y + 135. Let n be o(6). Suppose 0 = 3*j - 2*j - 5*t, -4*j + t = -19. Let i = j - n. What are the prime factors of i?
2, 13
Suppose 5 = 11*n + 16. Let x(i) = i**2 - 2*i - 1. Let s be x(2). What are the prime factors of 8 - n/1 - s?
2, 5
Suppose 5588 = 2*i - 173*q + 172*q, -i + 5*q + 2812 = 0. What are the prime factors of i?
2, 349
Suppose -1788*j = -1790*j + 3416. List the prime factors of j.
2, 7, 61
Let a(p) = p**3 - 8*p**2 + 8*p - 4. Let x be a(7). Let c be x/(-6) - (-236)/8. Let q = -26 + c. What are the prime factors of q?
3
Let g(j) = j**2 - 18*j + 13. Let o be g(15). What are the prime factors of o/(-112) - 327/(-7)?
47
Suppose -2*v + 90 = -1672. Suppose -2474 = -9*f - v. List the prime factors of f.
3, 59
Let z(n) = -n**3 - 25*n**2 - 10*n - 24. List the prime factors of z(-25).
2, 113
Let m be 0 - 3 - (-6)/2. Let w be m/((-3)/(-3)) + 3. Suppose -5*a - 2*x = -5*x - 207, w*a + 4*x = 101. List the prime factors of a.
3, 13
What are the prime factors of 18/(-4)*(917/(-21) + -1)?
3, 67
Let n = -910 + 1247. List the prime factors of n.
337
Let v(k) = -8*k**3 + 3*k**2 - 9*k + 9. What are the prime factors of v(-6)?
3, 211
Suppose 2*o - 12 = -2*o, 3*o - 25 = 2*z. Let n(t) = -2*t + 9. What are the prime factors of n(z)?
5
Suppose -p - 3 + 7 = 0. Suppose 0 = -6*m + 2*m - 4*s + p, -3 = -3*m + 5*s. Let h = m - -9. List the prime factors of h.
2, 5
Let p = 492 + -418. List the prime factors of p.
2, 37
Suppose 0 = -3*t + 372 - 60. What are the prime factors of t?
2, 13
Let v(z) = -z**3 + 9*z**2 + z - 8. Let y be v(9). Let b be ((-4 - -4) + 53)*y. Let k = b + 2. List the prime factors of k.
5, 11
Let j(n) = 2*n**2 + 4*n - 5. Suppose 0 = d, -4*b - 7*d = -3*d. Suppose 4*l + l - 10 = b. List the prime factors of j(l).
11
Suppose -14*j - 38 = -15*j. List the prime factors of j.
2, 19
Let z = -7 + 93. Let d = -57 - -51. What are the prime factors of z/3 - d/18?
29
Let d = 20 + -36. Let t = 38 + d. Suppose -n + t - 4 = 0. What are the prime factors of n?
2, 3
Suppose 4*b + 736 = 3*g, -3*b + 6 = -0*b. List the prime factors of g.
2, 31
Let d(i) = 2*i + 18*i**3 - 9*i**3 - 10*i**3 + 9*i**2 + 3. What are the prime factors of d(3)?
3, 7
Suppose -10*q = -7*q + 18. Let z(y) = y**2 - 9*y - 2. List the prime factors of z(q).
2, 11
Suppose -4*s = -0*s. Let k(c) = -72*c + 11. Let x be k(-1). Suppose s = -5*w + x + 82. List the prime factors of w.
3, 11
Let a(x) = 4*x - 12. Let q be a(-7). Let n = q - -84. List the prime factors of n.
2, 11
Let b = 1953 + -1370. What are the prime factors of b?
11, 53
Suppose 0 = -359*m + 350*m + 49500. List the prime factors of m.
2, 5, 11
Suppose 0*b = 2*b + 8. Let j be (-24)/(((-8)/2)/b). List the prime factors of (28/6)/((-16)/j).
7
Suppose a = -4*x + 749, 5*x + 3870 = 9*a - 4*a. List the prime factors of a.
769
Let v = 4717 - 3125. List the prime factors of v.
2, 199
Suppose -282*k = -288*k + 4224. What are the prime factors of k?
2, 11
Let i(s) = -45*s + 310. List the prime factors of i(-19).
5, 233
Let d(c) = 31*c + 25. Let j(y) = 94*y + 74. Let h(k) = -7*d(k) + 2*j(k). What are the prime factors of h(-5)?
2, 59
Let q = 94 - 50. Let n be (1 - q)*(1 - 3). Let f = 128 - n. What are the prime factors of f?
2, 3, 7
Let g(u) = 23*u**2 - 56*u - 253. List the prime factors of g(-5).
2, 7, 43
Let s(c) = -3*c + 12. Let f be (-5 + 6)/(1/4). Let m be s(f). Suppose 2*i + 4*v = v + 41, 5*v + 15 = m. What are the prime factors of i?
5
Suppose -5*w = 4*t - 6817, -5*w + 4*t = -5449 - 1384. List the prime factors of w.
3, 5, 7, 13
Suppose -5*n + 8 + 7 = 0. Let y(t) = -14*t + 1. Let v(m) = 13*m - 2. Let z(a) = 6*v(a) + 5*y(a). List the prime factors of z(n).
17
Suppose 7*v - 3489 = 1824. List the prime factors of v.
3, 11, 23
What are the prime factors of 27/(-189) - 13526/(-14)?
2, 3, 7, 23
Suppose 0*a + 2165 = 5*u - 5*a, 2*a = -2*u + 866. What are the prime factors of u?
433
Suppose 0 = 12*p - 20*p + 24. List the prime factors of p.
3
What are the prime factors of 18563/4 + 273/(-364)?
2, 5, 29
Let l be 6/33 + 20/11. Suppose -l*w = -4*w + 14. Let o = w - -2. List the prime factors of o.
3
Let c = 11 +